[INFO] fetching crate egui_web 0.1.3...
[INFO] checking egui_web-0.1.3 against master#af3c6e733a40e671550e0f0f5aeecaa13772ba56 for pr-74989
[INFO] extracting crate egui_web 0.1.3 into /workspace/builds/worker-11/source
[INFO] validating manifest of crates.io crate egui_web 0.1.3 on toolchain af3c6e733a40e671550e0f0f5aeecaa13772ba56
[INFO] running `Command { std: "/workspace/cargo-home/bin/cargo" "+af3c6e733a40e671550e0f0f5aeecaa13772ba56" "read-manifest" "--manifest-path" "Cargo.toml", kill_on_drop: false }`
[INFO] started tweaking crates.io crate egui_web 0.1.3
[INFO] finished tweaking crates.io crate egui_web 0.1.3
[INFO] tweaked toml for crates.io crate egui_web 0.1.3 written to /workspace/builds/worker-11/source/Cargo.toml
[INFO] running `Command { std: "/workspace/cargo-home/bin/cargo" "+af3c6e733a40e671550e0f0f5aeecaa13772ba56" "generate-lockfile" "--manifest-path" "Cargo.toml" "-Zno-index-update", kill_on_drop: false }`
[INFO] running `Command { std: "/workspace/cargo-home/bin/cargo" "+af3c6e733a40e671550e0f0f5aeecaa13772ba56" "fetch" "--locked" "--manifest-path" "Cargo.toml", kill_on_drop: false }`
[INFO] running `Command { std: "docker" "create" "-v" "/var/lib/crater-agent-workspace/builds/worker-11/target:/opt/rustwide/target:rw,Z" "-v" "/var/lib/crater-agent-workspace/builds/worker-11/source:/opt/rustwide/workdir:ro,Z" "-v" "/var/lib/crater-agent-workspace/cargo-home:/opt/rustwide/cargo-home:ro,Z" "-v" "/var/lib/crater-agent-workspace/rustup-home:/opt/rustwide/rustup-home:ro,Z" "-e" "SOURCE_DIR=/opt/rustwide/workdir" "-e" "CARGO_TARGET_DIR=/opt/rustwide/target" "-e" "CARGO_HOME=/opt/rustwide/cargo-home" "-e" "RUSTUP_HOME=/opt/rustwide/rustup-home" "-w" "/opt/rustwide/workdir" "-m" "1610612736" "--user" "0:0" "--network" "none" "rustops/crates-build-env@sha256:d92eaeed33fa75130ca1ee6c8a01d1ffb62bac859dfdfb3450e3e5d1c0146529" "/opt/rustwide/cargo-home/bin/cargo" "+af3c6e733a40e671550e0f0f5aeecaa13772ba56" "metadata" "--no-deps" "--format-version=1", kill_on_drop: false }`
[INFO] [stdout] 682f90d2386c39bc645d0c25ec7524bce3d0c145d81fe680fbadb15e42cb6a12
[INFO] [stderr] WARNING: Your kernel does not support swap limit capabilities or the cgroup is not mounted. Memory limited without swap.
[INFO] running `Command { std: "docker" "start" "-a" "682f90d2386c39bc645d0c25ec7524bce3d0c145d81fe680fbadb15e42cb6a12", kill_on_drop: false }`
[INFO] running `Command { std: "docker" "inspect" "682f90d2386c39bc645d0c25ec7524bce3d0c145d81fe680fbadb15e42cb6a12", kill_on_drop: false }`
[INFO] running `Command { std: "docker" "rm" "-f" "682f90d2386c39bc645d0c25ec7524bce3d0c145d81fe680fbadb15e42cb6a12", kill_on_drop: false }`
[INFO] [stdout] 682f90d2386c39bc645d0c25ec7524bce3d0c145d81fe680fbadb15e42cb6a12
[INFO] running `Command { std: "docker" "create" "-v" "/var/lib/crater-agent-workspace/builds/worker-11/target:/opt/rustwide/target:rw,Z" "-v" "/var/lib/crater-agent-workspace/builds/worker-11/source:/opt/rustwide/workdir:ro,Z" "-v" "/var/lib/crater-agent-workspace/cargo-home:/opt/rustwide/cargo-home:ro,Z" "-v" "/var/lib/crater-agent-workspace/rustup-home:/opt/rustwide/rustup-home:ro,Z" "-e" "SOURCE_DIR=/opt/rustwide/workdir" "-e" "CARGO_TARGET_DIR=/opt/rustwide/target" "-e" "CARGO_INCREMENTAL=0" "-e" "RUST_BACKTRACE=full" "-e" "RUSTFLAGS=--cap-lints=forbid" "-e" "CARGO_HOME=/opt/rustwide/cargo-home" "-e" "RUSTUP_HOME=/opt/rustwide/rustup-home" "-w" "/opt/rustwide/workdir" "-m" "1610612736" "--user" "0:0" "--network" "none" "rustops/crates-build-env@sha256:d92eaeed33fa75130ca1ee6c8a01d1ffb62bac859dfdfb3450e3e5d1c0146529" "/opt/rustwide/cargo-home/bin/cargo" "+af3c6e733a40e671550e0f0f5aeecaa13772ba56" "check" "--frozen" "--all" "--all-targets" "--message-format=json", kill_on_drop: false }`
[INFO] [stderr] WARNING: Your kernel does not support swap limit capabilities or the cgroup is not mounted. Memory limited without swap.
[INFO] [stdout] b3fc60037241a7975b5203853ddccb43605603f39707fbe6d6b02a1f69f06a4b
[INFO] running `Command { std: "docker" "start" "-a" "b3fc60037241a7975b5203853ddccb43605603f39707fbe6d6b02a1f69f06a4b", kill_on_drop: false }`
[INFO] [stderr]    Compiling log v0.4.11
[INFO] [stderr]    Compiling libc v0.2.77
[INFO] [stderr]     Checking smallvec v1.4.2
[INFO] [stderr]     Checking ttf-parser v0.6.2
[INFO] [stderr]     Checking ab_glyph_rasterizer v0.1.3
[INFO] [stderr]     Checking ahash v0.4.4
[INFO] [stderr]     Checking lock_api v0.4.1
[INFO] [stderr]    Compiling syn v1.0.40
[INFO] [stderr]     Checking parking_lot_core v0.8.0
[INFO] [stderr]     Checking parking_lot v0.11.0
[INFO] [stderr]     Checking owned_ttf_parser v0.6.0
[INFO] [stderr]     Checking rusttype v0.9.2
[INFO] [stderr]    Compiling wasm-bindgen-backend v0.2.68
[INFO] [stderr]    Compiling wasm-bindgen-macro-support v0.2.68
[INFO] [stderr]    Compiling serde_derive v1.0.116
[INFO] [stderr]    Compiling wasm-bindgen-macro v0.2.68
[INFO] [stderr]     Checking wasm-bindgen v0.2.68
[INFO] [stderr]     Checking js-sys v0.3.45
[INFO] [stderr]     Checking serde v1.0.116
[INFO] [stderr]     Checking web-sys v0.3.45
[INFO] [stderr]     Checking egui v0.1.4
[INFO] [stderr]     Checking serde_json v1.0.57
[INFO] [stderr]     Checking egui_web v0.1.3 (/opt/rustwide/workdir)
[INFO] [stdout] error[E0432]: unresolved import `egui::paint::Color`
[INFO] [stdout]  --> src/webgl.rs:9:13
[INFO] [stdout]   |
[INFO] [stdout] 9 |     paint::{Color, PaintJobs, Texture, Triangles},
[INFO] [stdout]   |             ^^^^^
[INFO] [stdout]   |             |
[INFO] [stdout]   |             no `Color` in `paint`
[INFO] [stdout]   |             help: a similar name exists in the module (notice the capitalization): `color`
[INFO] [stdout] 
[INFO] [stdout] 
[INFO] [stdout] error[E0432]: unresolved import `egui::paint::Color`
[INFO] [stdout]  --> src/webgl.rs:9:13
[INFO] [stdout]   |
[INFO] [stdout] 9 |     paint::{Color, PaintJobs, Texture, Triangles},
[INFO] [stdout]   |             ^^^^^
[INFO] [stdout]   |             |
[INFO] [stdout]   |             no `Color` in `paint`
[INFO] [stdout]   |             help: a similar name exists in the module (notice the capitalization): `color`
[INFO] [stdout] 
[INFO] [stdout] 
[INFO] [stdout] error[E0609]: no field `r` on type `Srgba`
[INFO] [stdout]    --> src/webgl.rs:251:33
[INFO] [stdout]     |
[INFO] [stdout] 251 |             colors.push(v.color.r);
[INFO] [stdout]     |                                 ^ help: a field with a similar name exists: `0`
[INFO] [stdout] 
[INFO] [stdout] 
[INFO] [stdout] error[E0609]: no field `g` on type `Srgba`
[INFO] [stdout]    --> src/webgl.rs:252:33
[INFO] [stdout]     |
[INFO] [stdout] 252 |             colors.push(v.color.g);
[INFO] [stdout]     |                                 ^ help: a field with a similar name exists: `0`
[INFO] [stdout] 
[INFO] [stdout] 
[INFO] [stdout] error[E0609]: no field `b` on type `Srgba`
[INFO] [stdout]    --> src/webgl.rs:253:33
[INFO] [stdout]     |
[INFO] [stdout] 253 |             colors.push(v.color.b);
[INFO] [stdout]     |                                 ^ help: a field with a similar name exists: `0`
[INFO] [stdout] 
[INFO] [stdout] 
[INFO] [stdout] error[E0609]: no field `a` on type `Srgba`
[INFO] [stdout]    --> src/webgl.rs:254:33
[INFO] [stdout]     |
[INFO] [stdout] 254 |             colors.push(v.color.a);
[INFO] [stdout]     |                                 ^ help: a field with a similar name exists: `0`
[INFO] [stdout] 
[INFO] [stdout] 
[INFO] [stdout] error[E0609]: no field `r` on type `Srgba`
[INFO] [stdout]    --> src/webgl.rs:251:33
[INFO] [stdout]     |
[INFO] [stdout] 251 |             colors.push(v.color.r);
[INFO] [stdout]     |                                 ^ help: a field with a similar name exists: `0`
[INFO] [stdout] 
[INFO] [stdout] 
[INFO] [stdout] error[E0609]: no field `g` on type `Srgba`
[INFO] [stdout]    --> src/webgl.rs:252:33
[INFO] [stdout]     |
[INFO] [stdout] 252 |             colors.push(v.color.g);
[INFO] [stdout]     |                                 ^ help: a field with a similar name exists: `0`
[INFO] [stdout] 
[INFO] [stdout] 
[INFO] [stdout] error[E0609]: no field `b` on type `Srgba`
[INFO] [stdout]    --> src/webgl.rs:253:33
[INFO] [stdout]     |
[INFO] [stdout] 253 |             colors.push(v.color.b);
[INFO] [stdout]     |                                 ^ help: a field with a similar name exists: `0`
[INFO] [stdout] 
[INFO] [stdout] 
[INFO] [stdout] error[E0609]: no field `a` on type `Srgba`
[INFO] [stdout]    --> src/webgl.rs:254:33
[INFO] [stdout]     |
[INFO] [stdout] 254 |             colors.push(v.color.a);
[INFO] [stdout]     |                                 ^ help: a field with a similar name exists: `0`
[INFO] [stdout] 
[INFO] [stdout] 
[INFO] [stdout] error: aborting due to 5 previous errors
[INFO] [stdout] 
[INFO] [stdout] 
[INFO] [stdout] Some errors have detailed explanations: E0432, E0609.
[INFO] [stdout] 
[INFO] [stdout] For more information about an error, try `rustc --explain E0432`.
[INFO] [stdout] 
[INFO] [stdout] error: aborting due to 5 previous errors
[INFO] [stdout] 
[INFO] [stdout] 
[INFO] [stdout] Some errors have detailed explanations: E0432, E0609.
[INFO] [stdout] 
[INFO] [stdout] For more information about an error, try `rustc --explain E0432`.
[INFO] [stdout] 
[INFO] [stderr] error: could not compile `egui_web`.
[INFO] [stderr] 
[INFO] [stderr] To learn more, run the command again with --verbose.
[INFO] [stderr] warning: build failed, waiting for other jobs to finish...
[INFO] [stderr] error: build failed
[INFO] running `Command { std: "docker" "inspect" "b3fc60037241a7975b5203853ddccb43605603f39707fbe6d6b02a1f69f06a4b", kill_on_drop: false }`
[INFO] running `Command { std: "docker" "rm" "-f" "b3fc60037241a7975b5203853ddccb43605603f39707fbe6d6b02a1f69f06a4b", kill_on_drop: false }`
[INFO] [stdout] b3fc60037241a7975b5203853ddccb43605603f39707fbe6d6b02a1f69f06a4b
